mposite?
False
Let o = 83 + -85. Let j(n) be the second derivative of 25*n**4/6 - 2*n**3/3 - 3*n**2/2 - 2*n. Is j(o) a prime number?
False
Suppose -5*j = -6*j + 2. Let n be 255/3 - (-2)/j. Let m = 59 + n. Is m a prime number?
False
Suppose -o + 72744 = 2*x - 0*o, 3*x + o = 109117. Is x a composite number?
False
Let g = -16 - -21. Suppose 0 = g*x + 1866 - 5491. Suppose -7*n = -2*n - x. Is n a prime number?
False
Is -4 + ((-112423)/(-133) - (-4)/(-14)) composite?
True
Suppose 151 = 2*u + 115. Is 17878/u + (-2)/9 a prime number?
False
Suppose -2389 = -3*j + 4*v + 18424, -3*j + 20803 = v. Suppose -4*s + 14799 = q - j, -2*s + 5*q = -10856. Is s composite?
True
Let u(j) = 3*j + 7. Let z be u(6). Suppose 0 = -24*m + z*m - 83. Is m prime?
True
Let p(o) = o**3 - o**2 + 6*o + 3. Let z = 10 - 18. Let g be (-1)/(-2) - 36/z. Is p(g) composite?
True
Let r(j) = 4*j**2 + 16*j + 22. Let n be (-4 - -3)/(-2)*26. Let g be r(n). Suppose 231 + g = 3*v. Is v prime?
True
Let n be (43/4)/(12/240). Suppose -2*c + 371 = -n. Is c composite?
False
Let h = 14 - 10. Suppose 3*i + 9 = -2*u, 2*u + 3*u + 12 = -h*i. Suppose 145 = -u*z + z. Is z composite?
True
Let i(a) = 495*a - 31. Is i(12) a composite number?
True
Let x(k) = 6*k**3 + 2*k**2 + k - 2. Let m be x(1). Suppose 0 = -m*u + 8*u - 4. Suppose 0 = 2*g + 4*i - 538, 4*g - u*i - 1021 = -i. Is g composite?
True
Let y(v) = 20*v + 31. Let x be y(10). Is (x/(-6))/7*1*-38 a prime number?
False
Let t = -1124 + 2013. Is t a prime number?
False
Let o = -22123 + 31416. Is o prime?
True
Let g(o) = -4*o + 44. Let v be g(10). Suppose -3*m + 3*f + 1002 = -1758, -v*m + 3675 = f. Is m a composite number?
False
Let p = -148 + 144. Is -1*(p + -2 + (-789 - 2)) a prime number?
True
Let n(f) be the second derivative of -15*f**3 + 21*f**2/2 + 3*f. Is n(-5) a composite number?
True
Let r = 10497 + -3020. Is r a composite number?
False
Let m be 82/(-16) + (-2)/(-16). Let v(r) = -128*r - 47. Let b(q) = -43*q - 16. Let f(o) = -11*b(o) + 4*v(o). Is f(m) composite?
True
Suppose 0 = 7*a - 2*a + 5, y - 5*a = 42. Is y composite?
False
Let a = 68755 + 976. Is a a prime number?
False
Let v = -1699 + 6546. Is v a composite number?
True
Let n(d) = -d**2 + d + 2. Let j be n(0). Suppose -7 = -j*h + h + b, -2*b + 1 = 3*h. Suppose -r = -4*r + 12, 2*r - 1415 = -h*w. Is w a composite number?
True
Suppose 2*j = 5*v + 5, -2*j - 5*v - 11 = -46. Suppose -j = -h - c - c, -4*h = -4*c + 8. Suppose -4*p - 602 = -3*t, 2*t - t - h*p - 204 = 0. Is t a prime number?
False
Let v(n) = 20*n - 1. Let o = -17 - -27. Is v(o) a prime number?
True
Suppose -5*l = -3*n + 53292, 15*l - 17778 = -n + 12*l. Is n a prime number?
False
Let c(n) = 6*n**3 - 2 - n**3 - 4*n - 2*n**3 - 2 - 2*n**2. Is c(5) prime?
False
Let l = 155 + -67. Suppose 0 = -g + l + 103. Is g composite?
False
Suppose -1 - 3 = -u. Let h(z) = 3*z - 1. Let m be h(1). Suppose u*g - 512 = -4*a, 2*g = 4*g - m. Is a a prime number?
True
Let i(f) = 5148*f**2 + 3*f + 2. Is i(-1) a composite number?
False
Let r be (-4 - -2)*1/((-4)/6). Let p(i) = 30*i**2 + 7*i. Is p(r) composite?
True
Let c = 5354 + 6717. Is c a composite number?
False
Suppose -14*n + 11*n - 16332 = 0. Is 2*1/2*n/(-4) a composite number?
False
Let y be (6 - -1) + -3 + 50. Let p be 0 + 4/6*y. Suppose -3*k + p = -81. Is k composite?
True
Suppose 10*q - 64 - 4196 = 0. Suppose 4*f = 2*t - q, 3*f + 2*f = -5*t + 1050. Is t composite?
False
Suppose -1308 = -3*s + 159. Suppose 7*g = 6*g + s. Is g composite?
True
Suppose 20 = -4*l, 3*z - 4*l - 12 - 50 = 0. Suppose -436 = -z*x + 10*x. Is x prime?
True
Suppose 88*c = 89*c - 50923. Is c composite?
False
Let b = 334 - 202. Suppose 3*p = 4*p - 33. Suppose 0 = -4*n - d + b, -n - 2*d + p = -7*d. Is n a prime number?
False
Let t(u) = 70*u - 8. Let f be t(4). Suppose v - 3*k = f, 3*v + 5*k - 45 - 729 = 0. Is v a prime number?
True
Let x(t) = t**2 - t - 1 + 10 + 3*t. Let p be x(-8). Suppose 3*r + 139 = 4*n, -p = -2*n - 3*r + 2*r. Is n a prime number?
True
Suppose 0 = h - 2*p - 4, -2 = -5*h - 3*p - 47. Let j(m) = -502*m + 10. Is j(h) a prime number?
False
Suppose 3*f = -4*y + 46, 3*f + 5*y - 59 = -9. Let s(a) = 26*a + f - 9 + 11. Is s(5) prime?
False
Suppose 0*h = 2*h + 24. Let z = h - -14. Let t(l) = 17*l**3 - l**2 - 3*l + 1. Is t(z) a prime number?
True
Let o(p) = 83*p**2 + 45*p + 5. Is o(5) a prime number?
False
Let l(k) = -710*k - 9. Let y be (1*(2 - 5))/((-3)/(-10)). Is l(y) a prime number?
False
Suppose -3*z + 84407 = -4*i, -81*z = -76*z + 3*i - 140630. Is z prime?
False
Suppose -3*u + t - 58 = 2*t, -2*u = -4*t + 62. Let m = 19 + u. Is (m - 3 - -2) + 160 composite?
False
Suppose -l = l + p + 495, l = 5*p - 231. Let c = 1363 + l. Is c a composite number?
False
Let t(c) = -66*c**3 - 4*c**2 - 3*c + 1. Let d be ((-2)/2)/(1/(-19)). Let z = -21 + d. Is t(z) composite?
True
Let l = 28 + -23. Suppose l*h = 2*m + 148, 4*m = 3*m - 4. Suppose 2*d - 96 - h = 0. Is d composite?
True
Suppose -16 = -6*a + 2*a. Suppose 4*q - 5*q = a. Is (2/q)/((-2)/596) composite?
False
Is (-32)/208 + (-60662)/(-26) prime?
True
Let m(g) = 151*g**2 - 2*g + 5. Let o be m(3). Suppose 0 = 4*c - 6*c + o. Is c prime?
False
Is (-8)/(-36) + (805700/63)/5 a prime number?
False
Let c = 3111 + 1086. Is c a prime number?
False
Suppose 3*f - 180362 = -3*b - 63122, -4*b - f + 156317 = 0. Is b a composite number?
False
Let p be 44/8 - (-2)/(-4). Suppose -f - 4*q = -1103, 0*f - 3302 = -3*f - p*q. Is f a composite number?
True
Is 28*(-4)/(-64)*428 composite?
True
Suppose -6*c = -2060 + 524. Suppose w - 61 = c. Is w a composite number?
False
Let c(g) = -g - 9. Let u be c(-7). Let r be (-141 + u)/(1 + -2). Let v = r - 85. Is v a prime number?
False
Let l(t) = -205*t - 140. Let r(y) = 41*y + 28. Let i(d) = 2*l(d) + 11*r(d). Is i(11) a prime number?
True
Suppose p + 2*o + 2*o - 3424 = 0, 17103 = 5*p + 3*o. Suppose 0 = -4*z - 3*k + 2*k + 2735, 0 = 5*z + k - p. Is z a prime number?
False
Is (-13)/((-117)/5262)*3 a composite number?
True
Let v = 5 + -5. Suppose v = -4*k - 2*q - 246, 4*q + 113 = -2*k + q. Let o = 129 + k. Is o a composite number?
True
Suppose 5*k - 3*n = 310135, -11*n - 124054 = -2*k - 13*n. Is k prime?
False
Let n be (14 + -13)/((-18424)/18422 + 1). Let m = n + 14130. Is m composite?
False
Suppose b = -4*k + 4 - 5, 0 = -2*b - 3*k + 3. Suppose -4*p = -5*p + 2*s + 2671, -b*p - 3*s = -8058. Is p a prime number?
False
Let r = -2131 + 7130. Is r prime?
True
Let s = -2584 + 4515. Is s a composite number?
False
Suppose 3*s - 11 = -2*f, -3*s - 3*f = -0*s - 6. Is (s*(-339)/(-12))/((-2)/(-8)) a prime number?
False
Is 5576/2 - 132/44 a prime number?
False
Let v(u) = u - 2. Let m(q) = -2*q + 5. Let o(a) = 6*m(a) + 13*v(a). Let p be o(0). Suppose -p*j = -240 - 204. Is j a prime number?
False
Let y be (-440)/(3/(-2)*1/3). Suppose -5*t = -145 - y. Is t prime?
False
Suppose -5*c - 5 = 0, 3*c = 4*x + 444 + 1089. Let k = 1039 - x. Is k prime?
True
Let z(r) = 9*r**3 + r**2 - 5*r + 8. Let o be z(7). Suppose -822 = -n - 2*f + 213, 3*n - o = -5*f. Is n a composite number?
True
Let s = -69 - -75. Suppose -5*f + s*f - 2521 = 0. Is f composite?
False
Let p(f) = -1077*f - 232. Is p(-9) a composite number?
False
Let a = 2044 - 980. Let p = 13017 + a. Is p composite?
False
Let y = -186 + 425. Suppose r - y = -c + 5*r, 5*r + 243 = c. Is c a prime number?
True
Let w be -10*(2 + (-20)/8). Suppose -2*u = w*d - 16, 0*d = u + d - 5. Is (u + -1)/(2/69) composite?
True
Let v(t) = 286*t**2 + 13*t - 211. Is v(7) a composite number?
True
Let j(q) = 32*q**3 - 3*q**2 - 7*q**2 - 11 - 33*q**3 + 5*q. Let h = -13 + 0. Is j(h) a composite number?
False
Let j(k) be the first derivative of k**5/15 + k**4/8 - k**3/3 + k**2 + 1. Let v(i) be the second derivative of j(i). Is v(5) a composite number?
False
Let k = -49224 - -95761. Is k a composite number?
True
Suppose 710181 = 252*k - 225*k. Is k a composite number?
True
Suppose -g = 2*a + 472 + 438, -5*a = 3*g + 2733. Let t = g - -2165. Is t prime?
True
Let m(w) = w + 1. Let q be m(4). Suppose c - 227 = q*z, -z - 484 = -2*c - 6*z. Is c a prime number?
False
Let b(j) = 6433*j**2 + 19*j - 37. Is b(2) a composite number?
False
Let j = 103 - 53. Let q = 107 + j. Is q composite?
False
Let u = 53230 - 36501. Is u a composite number?
False
Let b be (-6797)/(-5) + 40/2